{"id":773,"date":"2021-02-08T18:47:46","date_gmt":"2021-02-08T18:47:46","guid":{"rendered":"https:\/\/travento.mx\/?page_id=773"},"modified":"2023-11-24T15:32:46","modified_gmt":"2023-11-24T15:32:46","slug":"destino-oceania-y-pacifico","status":"publish","type":"page","link":"https:\/\/travento.mx\/index.php\/destino-oceania-y-pacifico\/","title":{"rendered":"Destino Ocean\u00eda"},"content":{"rendered":"\n<div class=\"wp-block-nk-awb nk-awb alignfull\"><div class=\"nk-awb-wrap\" data-awb-type=\"image\" data-awb-parallax=\"scroll\" data-awb-parallax-speed=\"0.5\" data-awb-parallax-mobile=\"false\" data-awb-image-background-size=\"cover\" data-awb-image-background-position=\"50% 9%\"><div class=\"nk-awb-inner\"><img loading=\"lazy\" decoding=\"async\" src=\"https:\/\/travento.mx\/wp-content\/uploads\/2023\/10\/oceania-scaled.jpg\" class=\"wp-image-1612 jarallax-img\" width=\"2560\" height=\"1919\" srcset=\"https:\/\/travento.mx\/wp-content\/uploads\/2023\/10\/oceania-scaled.jpg 2560w, https:\/\/travento.mx\/wp-content\/uploads\/2023\/10\/oceania-300x225.jpg 300w, https:\/\/travento.mx\/wp-content\/uploads\/2023\/10\/oceania-1024x767.jpg 1024w, https:\/\/travento.mx\/wp-content\/uploads\/2023\/10\/oceania-768x576.jpg 768w, https:\/\/travento.mx\/wp-content\/uploads\/2023\/10\/oceania-1536x1151.jpg 1536w, https:\/\/travento.mx\/wp-content\/uploads\/2023\/10\/oceania-2048x1535.jpg 2048w, https:\/\/travento.mx\/wp-content\/uploads\/2023\/10\/oceania-500x375.jpg 500w, https:\/\/travento.mx\/wp-content\/uploads\/2023\/10\/oceania-800x600.jpg 800w, https:\/\/travento.mx\/wp-content\/uploads\/2023\/10\/oceania-1280x959.jpg 1280w, https:\/\/travento.mx\/wp-content\/uploads\/2023\/10\/oceania-1920x1439.jpg 1920w\" sizes=\"auto, (max-width: 2560px) 100vw, 2560px\" \/><\/div><\/div><div class=\"nk-awb-wrap-content is-layout-constrained wp-block-nk-awb-is-layout-constrained\">\n<div style=\"height:200px\" aria-hidden=\"true\" class=\"wp-block-spacer\"><\/div>\n\n\n\n<h1 class=\"wp-block-heading has-text-align-center\" style=\"font-size:80px\"><span style=\"background-color:rgba(0, 0, 0, 0)\" class=\"has-inline-color has-white-color\"><strong>Ocean\u00eda <\/strong><\/span><\/h1>\n\n\n\n<div style=\"height:200px\" aria-hidden=\"true\" class=\"wp-block-spacer\"><\/div>\n<\/div><\/div>\n\n\n\n<div style=\"height:25px\" aria-hidden=\"true\" class=\"wp-block-spacer\"><\/div>\n\n\n\n<h2 class=\"wp-block-heading\">Visita Ocean\u00eda con Travento<\/h2>\n\n\n\n<p>Hablamos del continente&nbsp; Insular m\u00e1s peque\u00f1o de la tierra,&nbsp;cubre una regi\u00f3n macro-geogr\u00e1fica situada entre Asia y Am\u00e9rica, con Australia continental como la masa principal del continente, seguida por las mucho menores y cercanas islas de Nueva Guinea, Tasmania y Nueva Zelanda, a las que se suman unas 25 000 peque\u00f1as islas, como&nbsp;los archipi\u00e9lagos&nbsp;coralinos y volc\u00e1nicos&nbsp;de Melanesia, Micronesia y Polinesia&nbsp;&nbsp;dispersas en el Pac\u00edfico.&nbsp;Las islas con&nbsp;las que se est\u00e1&nbsp;m\u00e1s&nbsp;familiarizado en general son Australia y Nueva Zelanda.<\/p>\n\n\n\n<div class=\"wp-block-columns is-layout-flex wp-container-core-columns-is-layout-9d6595d7 wp-block-columns-is-layout-flex\">\n<div class=\"wp-block-column is-layout-flow wp-block-column-is-layout-flow\">\n<figure class=\"wp-block-image size-large\"><a href=\"https:\/\/travento.mx\/index.php\/destino-oceania-y-pacifico\/destino-ocenia-sidney\/\"><img loading=\"lazy\" decoding=\"async\" width=\"1024\" height=\"683\" src=\"https:\/\/travento.mx\/wp-content\/uploads\/2023\/11\/Sidney-1024x683.jpg\" alt=\"\" class=\"wp-image-2348\" srcset=\"https:\/\/travento.mx\/wp-content\/uploads\/2023\/11\/Sidney-1024x683.jpg 1024w, https:\/\/travento.mx\/wp-content\/uploads\/2023\/11\/Sidney-300x200.jpg 300w, https:\/\/travento.mx\/wp-content\/uploads\/2023\/11\/Sidney-768x512.jpg 768w, https:\/\/travento.mx\/wp-content\/uploads\/2023\/11\/Sidney-500x333.jpg 500w, https:\/\/travento.mx\/wp-content\/uploads\/2023\/11\/Sidney-800x533.jpg 800w, https:\/\/travento.mx\/wp-content\/uploads\/2023\/11\/Sidney-1280x853.jpg 1280w, https:\/\/travento.mx\/wp-content\/uploads\/2023\/11\/Sidney.jpg 1500w\" sizes=\"auto, (max-width: 1024px) 100vw, 1024px\" \/><\/a><figcaption class=\"wp-element-caption\">Sidney<\/figcaption><\/figure>\n\n\n\n<figure class=\"wp-block-image size-large\"><a href=\"https:\/\/travento.mx\/index.php\/destino-oceania-y-pacifico\/destino-ocenia-melbourne\/\"><img loading=\"lazy\" decoding=\"async\" width=\"1024\" height=\"683\" src=\"https:\/\/travento.mx\/wp-content\/uploads\/2023\/11\/Melbourne-1024x683.jpg\" alt=\"\" class=\"wp-image-2365\" srcset=\"https:\/\/travento.mx\/wp-content\/uploads\/2023\/11\/Melbourne-1024x683.jpg 1024w, https:\/\/travento.mx\/wp-content\/uploads\/2023\/11\/Melbourne-300x200.jpg 300w, https:\/\/travento.mx\/wp-content\/uploads\/2023\/11\/Melbourne-768x512.jpg 768w, https:\/\/travento.mx\/wp-content\/uploads\/2023\/11\/Melbourne-500x333.jpg 500w, https:\/\/travento.mx\/wp-content\/uploads\/2023\/11\/Melbourne-800x533.jpg 800w, https:\/\/travento.mx\/wp-content\/uploads\/2023\/11\/Melbourne-1280x853.jpg 1280w, https:\/\/travento.mx\/wp-content\/uploads\/2023\/11\/Melbourne.jpg 1500w\" sizes=\"auto, (max-width: 1024px) 100vw, 1024px\" \/><\/a><figcaption class=\"wp-element-caption\">Melbourne<\/figcaption><\/figure>\n\n\n\n<figure class=\"wp-block-image size-large\"><a href=\"https:\/\/travento.mx\/index.php\/destino-oceania-y-pacifico\/destino-ocenia-tasmania\/\"><img loading=\"lazy\" decoding=\"async\" width=\"1024\" height=\"683\" src=\"https:\/\/travento.mx\/wp-content\/uploads\/2023\/11\/Tasmania-1024x683.jpg\" alt=\"\" class=\"wp-image-2376\" srcset=\"https:\/\/travento.mx\/wp-content\/uploads\/2023\/11\/Tasmania-1024x683.jpg 1024w, https:\/\/travento.mx\/wp-content\/uploads\/2023\/11\/Tasmania-300x200.jpg 300w, https:\/\/travento.mx\/wp-content\/uploads\/2023\/11\/Tasmania-768x512.jpg 768w, https:\/\/travento.mx\/wp-content\/uploads\/2023\/11\/Tasmania-500x333.jpg 500w, https:\/\/travento.mx\/wp-content\/uploads\/2023\/11\/Tasmania-800x533.jpg 800w, https:\/\/travento.mx\/wp-content\/uploads\/2023\/11\/Tasmania-1280x853.jpg 1280w, https:\/\/travento.mx\/wp-content\/uploads\/2023\/11\/Tasmania.jpg 1500w\" sizes=\"auto, (max-width: 1024px) 100vw, 1024px\" \/><\/a><figcaption class=\"wp-element-caption\">Tasmania<\/figcaption><\/figure>\n\n\n\n<figure class=\"wp-block-image size-large\"><a href=\"https:\/\/travento.mx\/index.php\/destino-oceania-y-pacifico\/destino-ocenia-hobart\/\"><img loading=\"lazy\" decoding=\"async\" width=\"1024\" height=\"683\" src=\"https:\/\/travento.mx\/wp-content\/uploads\/2023\/11\/Hobart-1024x683.jpg\" alt=\"\" class=\"wp-image-2394\" srcset=\"https:\/\/travento.mx\/wp-content\/uploads\/2023\/11\/Hobart-1024x683.jpg 1024w, https:\/\/travento.mx\/wp-content\/uploads\/2023\/11\/Hobart-300x200.jpg 300w, https:\/\/travento.mx\/wp-content\/uploads\/2023\/11\/Hobart-768x512.jpg 768w, https:\/\/travento.mx\/wp-content\/uploads\/2023\/11\/Hobart-500x333.jpg 500w, https:\/\/travento.mx\/wp-content\/uploads\/2023\/11\/Hobart-800x533.jpg 800w, https:\/\/travento.mx\/wp-content\/uploads\/2023\/11\/Hobart-1280x853.jpg 1280w, https:\/\/travento.mx\/wp-content\/uploads\/2023\/11\/Hobart.jpg 1500w\" sizes=\"auto, (max-width: 1024px) 100vw, 1024px\" \/><\/a><figcaption class=\"wp-element-caption\">Hobart<\/figcaption><\/figure>\n\n\n\n<figure class=\"wp-block-image size-large\"><a href=\"https:\/\/travento.mx\/index.php\/destino-oceania-y-pacifico\/destino-ocenia-queenstown\/\"><img loading=\"lazy\" decoding=\"async\" width=\"1024\" height=\"683\" src=\"https:\/\/travento.mx\/wp-content\/uploads\/2023\/11\/Queenstown-1024x683.jpg\" alt=\"\" class=\"wp-image-2408\" srcset=\"https:\/\/travento.mx\/wp-content\/uploads\/2023\/11\/Queenstown-1024x683.jpg 1024w, https:\/\/travento.mx\/wp-content\/uploads\/2023\/11\/Queenstown-300x200.jpg 300w, https:\/\/travento.mx\/wp-content\/uploads\/2023\/11\/Queenstown-768x512.jpg 768w, https:\/\/travento.mx\/wp-content\/uploads\/2023\/11\/Queenstown-500x333.jpg 500w, https:\/\/travento.mx\/wp-content\/uploads\/2023\/11\/Queenstown-800x533.jpg 800w, https:\/\/travento.mx\/wp-content\/uploads\/2023\/11\/Queenstown-1280x853.jpg 1280w, https:\/\/travento.mx\/wp-content\/uploads\/2023\/11\/Queenstown.jpg 1500w\" sizes=\"auto, (max-width: 1024px) 100vw, 1024px\" \/><\/a><figcaption class=\"wp-element-caption\">Queenstown<\/figcaption><\/figure>\n<\/div>\n\n\n\n<div class=\"wp-block-column is-layout-flow wp-block-column-is-layout-flow\">\n<figure class=\"wp-block-image size-large\"><a href=\"https:\/\/travento.mx\/index.php\/destino-oceania-y-pacifico\/destino-ocenia-australia\/\"><img loading=\"lazy\" decoding=\"async\" width=\"1024\" height=\"683\" src=\"https:\/\/travento.mx\/wp-content\/uploads\/2023\/11\/Australia-1024x683.jpg\" alt=\"\" class=\"wp-image-2358\" srcset=\"https:\/\/travento.mx\/wp-content\/uploads\/2023\/11\/Australia-1024x683.jpg 1024w, https:\/\/travento.mx\/wp-content\/uploads\/2023\/11\/Australia-300x200.jpg 300w, https:\/\/travento.mx\/wp-content\/uploads\/2023\/11\/Australia-768x512.jpg 768w, https:\/\/travento.mx\/wp-content\/uploads\/2023\/11\/Australia-500x333.jpg 500w, https:\/\/travento.mx\/wp-content\/uploads\/2023\/11\/Australia-800x533.jpg 800w, https:\/\/travento.mx\/wp-content\/uploads\/2023\/11\/Australia-1280x853.jpg 1280w, https:\/\/travento.mx\/wp-content\/uploads\/2023\/11\/Australia.jpg 1500w\" sizes=\"auto, (max-width: 1024px) 100vw, 1024px\" \/><\/a><figcaption class=\"wp-element-caption\">Australia<\/figcaption><\/figure>\n\n\n\n<figure class=\"wp-block-image size-large\"><a href=\"https:\/\/travento.mx\/index.php\/destino-oceania-y-pacifico\/destino-ocenia-cairns\/\"><img loading=\"lazy\" decoding=\"async\" width=\"1024\" height=\"683\" src=\"https:\/\/travento.mx\/wp-content\/uploads\/2023\/11\/Cairsn-1024x683.jpg\" alt=\"\" class=\"wp-image-2368\" srcset=\"https:\/\/travento.mx\/wp-content\/uploads\/2023\/11\/Cairsn-1024x683.jpg 1024w, https:\/\/travento.mx\/wp-content\/uploads\/2023\/11\/Cairsn-300x200.jpg 300w, https:\/\/travento.mx\/wp-content\/uploads\/2023\/11\/Cairsn-768x512.jpg 768w, https:\/\/travento.mx\/wp-content\/uploads\/2023\/11\/Cairsn-500x333.jpg 500w, https:\/\/travento.mx\/wp-content\/uploads\/2023\/11\/Cairsn-800x533.jpg 800w, https:\/\/travento.mx\/wp-content\/uploads\/2023\/11\/Cairsn-1280x853.jpg 1280w, https:\/\/travento.mx\/wp-content\/uploads\/2023\/11\/Cairsn.jpg 1500w\" sizes=\"auto, (max-width: 1024px) 100vw, 1024px\" \/><\/a><figcaption class=\"wp-element-caption\">Cairns<\/figcaption><\/figure>\n\n\n\n<figure class=\"wp-block-image size-large\"><a href=\"https:\/\/travento.mx\/index.php\/destino-oceania-y-pacifico\/destino-ocenia-nueva-zelanda\/\"><img loading=\"lazy\" decoding=\"async\" width=\"1024\" height=\"683\" src=\"https:\/\/travento.mx\/wp-content\/uploads\/2023\/11\/NuevaZelanda-1024x683.jpg\" alt=\"\" class=\"wp-image-2383\" srcset=\"https:\/\/travento.mx\/wp-content\/uploads\/2023\/11\/NuevaZelanda-1024x683.jpg 1024w, https:\/\/travento.mx\/wp-content\/uploads\/2023\/11\/NuevaZelanda-300x200.jpg 300w, https:\/\/travento.mx\/wp-content\/uploads\/2023\/11\/NuevaZelanda-768x512.jpg 768w, https:\/\/travento.mx\/wp-content\/uploads\/2023\/11\/NuevaZelanda-500x333.jpg 500w, https:\/\/travento.mx\/wp-content\/uploads\/2023\/11\/NuevaZelanda-800x533.jpg 800w, https:\/\/travento.mx\/wp-content\/uploads\/2023\/11\/NuevaZelanda-1280x853.jpg 1280w, https:\/\/travento.mx\/wp-content\/uploads\/2023\/11\/NuevaZelanda.jpg 1500w\" sizes=\"auto, (max-width: 1024px) 100vw, 1024px\" \/><\/a><figcaption class=\"wp-element-caption\">Nueva Zelanda<\/figcaption><\/figure>\n\n\n\n<figure class=\"wp-block-image size-large\"><a href=\"https:\/\/travento.mx\/index.php\/destino-oceania-y-pacifico\/destino-ocenia-auckland-2\/\"><img loading=\"lazy\" decoding=\"async\" width=\"1024\" height=\"683\" src=\"https:\/\/travento.mx\/wp-content\/uploads\/2023\/11\/Auckland-1024x683.jpg\" alt=\"\" class=\"wp-image-2397\" srcset=\"https:\/\/travento.mx\/wp-content\/uploads\/2023\/11\/Auckland-1024x683.jpg 1024w, https:\/\/travento.mx\/wp-content\/uploads\/2023\/11\/Auckland-300x200.jpg 300w, https:\/\/travento.mx\/wp-content\/uploads\/2023\/11\/Auckland-768x512.jpg 768w, https:\/\/travento.mx\/wp-content\/uploads\/2023\/11\/Auckland-500x333.jpg 500w, https:\/\/travento.mx\/wp-content\/uploads\/2023\/11\/Auckland-800x533.jpg 800w, https:\/\/travento.mx\/wp-content\/uploads\/2023\/11\/Auckland-1280x853.jpg 1280w, https:\/\/travento.mx\/wp-content\/uploads\/2023\/11\/Auckland.jpg 1500w\" sizes=\"auto, (max-width: 1024px) 100vw, 1024px\" \/><\/a><figcaption class=\"wp-element-caption\">Auckland<\/figcaption><\/figure>\n\n\n\n<figure class=\"wp-block-image size-large\"><a href=\"https:\/\/travento.mx\/index.php\/destino-oceania-y-pacifico\/destino-ocenia-nueva-guinea\/\"><img loading=\"lazy\" decoding=\"async\" width=\"1024\" height=\"683\" src=\"https:\/\/travento.mx\/wp-content\/uploads\/2023\/11\/nuevagw-1024x683.jpg\" alt=\"\" class=\"wp-image-2411\" srcset=\"https:\/\/travento.mx\/wp-content\/uploads\/2023\/11\/nuevagw-1024x683.jpg 1024w, https:\/\/travento.mx\/wp-content\/uploads\/2023\/11\/nuevagw-300x200.jpg 300w, https:\/\/travento.mx\/wp-content\/uploads\/2023\/11\/nuevagw-768x512.jpg 768w, https:\/\/travento.mx\/wp-content\/uploads\/2023\/11\/nuevagw-500x333.jpg 500w, https:\/\/travento.mx\/wp-content\/uploads\/2023\/11\/nuevagw-800x533.jpg 800w, https:\/\/travento.mx\/wp-content\/uploads\/2023\/11\/nuevagw-1280x853.jpg 1280w, https:\/\/travento.mx\/wp-content\/uploads\/2023\/11\/nuevagw.jpg 1500w\" sizes=\"auto, (max-width: 1024px) 100vw, 1024px\" \/><\/a><figcaption class=\"wp-element-caption\">Nueva Guinea<\/figcaption><\/figure>\n<\/div>\n<\/div>\n\n\n\n<p><\/p>\n","protected":false},"excerpt":{"rendered":"<p>Visita Ocean\u00eda con Travento Hablamos del continente&nbsp; Insular m\u00e1s peque\u00f1o de la tierra,&nbsp;cubre una regi\u00f3n macro-geogr\u00e1fica situada entre Asia y Am\u00e9rica, con Australia continental como&hellip;<\/p>\n","protected":false},"author":2,"featured_media":0,"parent":0,"menu_order":0,"comment_status":"closed","ping_status":"closed","template":"","meta":{"footnotes":""},"class_list":["post-773","page","type-page","status-publish","hentry"],"_links":{"self":[{"href":"https:\/\/travento.mx\/index.php\/wp-json\/wp\/v2\/pages\/773","targetHints":{"allow":["GET"]}}],"collection":[{"href":"https:\/\/travento.mx\/index.php\/wp-json\/wp\/v2\/pages"}],"about":[{"href":"https:\/\/travento.mx\/index.php\/wp-json\/wp\/v2\/types\/page"}],"author":[{"embeddable":true,"href":"https:\/\/travento.mx\/index.php\/wp-json\/wp\/v2\/users\/2"}],"replies":[{"embeddable":true,"href":"https:\/\/travento.mx\/index.php\/wp-json\/wp\/v2\/comments?post=773"}],"version-history":[{"count":18,"href":"https:\/\/travento.mx\/index.php\/wp-json\/wp\/v2\/pages\/773\/revisions"}],"predecessor-version":[{"id":2668,"href":"https:\/\/travento.mx\/index.php\/wp-json\/wp\/v2\/pages\/773\/revisions\/2668"}],"wp:attachment":[{"href":"https:\/\/travento.mx\/index.php\/wp-json\/wp\/v2\/media?parent=773"}],"curies":[{"name":"wp","href":"https:\/\/api.w.org\/{rel}","templated":true}]}}