{"id":846,"date":"2021-02-08T20:46:27","date_gmt":"2021-02-08T20:46:27","guid":{"rendered":"https:\/\/travento.mx\/?page_id=846"},"modified":"2023-10-19T05:17:46","modified_gmt":"2023-10-19T05:17:46","slug":"destino-norteamerica","status":"publish","type":"page","link":"https:\/\/travento.mx\/index.php\/destino-norteamerica\/","title":{"rendered":"Destino Norteam\u00e9rica"},"content":{"rendered":"\n<div class=\"wp-block-nk-awb nk-awb alignfull\"><div class=\"nk-awb-wrap\" data-awb-type=\"image\" data-awb-parallax=\"scroll\" data-awb-parallax-speed=\"0.5\" data-awb-parallax-mobile=\"false\" data-awb-image-background-size=\"cover\" data-awb-image-background-position=\"50% 50%\"><div class=\"nk-awb-inner\"><img loading=\"lazy\" decoding=\"async\" src=\"https:\/\/travento.mx\/wp-content\/uploads\/2023\/10\/NorteAmericaGrande.jpg\" class=\"wp-image-1610 jarallax-img\" width=\"2000\" height=\"1333\" srcset=\"https:\/\/travento.mx\/wp-content\/uploads\/2023\/10\/NorteAmericaGrande.jpg 2000w, https:\/\/travento.mx\/wp-content\/uploads\/2023\/10\/NorteAmericaGrande-300x200.jpg 300w, https:\/\/travento.mx\/wp-content\/uploads\/2023\/10\/NorteAmericaGrande-1024x682.jpg 1024w, https:\/\/travento.mx\/wp-content\/uploads\/2023\/10\/NorteAmericaGrande-768x512.jpg 768w, https:\/\/travento.mx\/wp-content\/uploads\/2023\/10\/NorteAmericaGrande-1536x1024.jpg 1536w, https:\/\/travento.mx\/wp-content\/uploads\/2023\/10\/NorteAmericaGrande-500x333.jpg 500w, https:\/\/travento.mx\/wp-content\/uploads\/2023\/10\/NorteAmericaGrande-800x533.jpg 800w, https:\/\/travento.mx\/wp-content\/uploads\/2023\/10\/NorteAmericaGrande-1280x853.jpg 1280w, https:\/\/travento.mx\/wp-content\/uploads\/2023\/10\/NorteAmericaGrande-1920x1280.jpg 1920w\" sizes=\"auto, (max-width: 2000px) 100vw, 2000px\" \/><\/div><\/div><div class=\"nk-awb-wrap-content is-layout-constrained wp-block-nk-awb-is-layout-constrained\">\n<div style=\"height:200px\" aria-hidden=\"true\" class=\"wp-block-spacer\"><\/div>\n\n\n\n<h1 class=\"wp-block-heading has-text-align-center\" style=\"font-size:80px\"><span style=\"background-color:rgba(0, 0, 0, 0)\" class=\"has-inline-color has-white-color\"><strong>Norteam\u00e9rica<\/strong><\/span><\/h1>\n\n\n\n<div style=\"height:200px\" aria-hidden=\"true\" class=\"wp-block-spacer\"><\/div>\n<\/div><\/div>\n\n\n\n<div style=\"height:25px\" aria-hidden=\"true\" class=\"wp-block-spacer\"><\/div>\n\n\n\n<h2 class=\"wp-block-heading\">Visita Norteam\u00e9rica con Travento<\/h2>\n\n\n\n<p>Es una extensa regi\u00f3n del hemisferio norte del continente Americano, abarca aprox el 5% de la superficie del planeta. Limita al noreste con el oc\u00e9ano Atl\u00e1ntico y Europa septentrional a trav\u00e9s de Groenlandia; al sureste con el mar Caribe; al suroeste con el oc\u00e9ano Pacifico; y al noroeste con el&nbsp; estrecho de Bering \u2014que lo separa del norte de Asia, concretamente de Siberia, Rusia; al sur con Am\u00e9rica Central por medio del Istmo de Tehuantepec. Est\u00e1 conectado con Am\u00e9rica del sur por el estrecho puente territorial que representa Centroam\u00e9rica. La versi\u00f3n m\u00e1s aceptada de por qu\u00e9 este continente se llama as\u00ed fue por el nombre del navegante y explorador Am\u00e9rico Vespucio. A la llegada de los europeos, Am\u00e9rica del Norte estaba poblada por etnias ind\u00edgenas provenientes de inmigraciones asi\u00e1ticas a trav\u00e9s del estrecho de Bering. La colonizaci\u00f3n europea por orden cronol\u00f3gico: espa\u00f1ola, francesa e Inglesa) en el avance progresivo desde la costa oriental hacia el oeste. En l\u00edneas generales, supuso la marginaci\u00f3n e incluso el exterminio de las poblaciones ind\u00edgenas, hasta confinar a los supervivientes en reservas situadas en las zonas est\u00e9riles del territorio. Sin embargo, las colonizaciones francesa y espa\u00f1ola supusieron la mezcla de razas y el mestizaje,por lo que encontrara una riqueza cultural, vestigios arqueol\u00f3gicos, gastronom\u00eda local, extensos parques nacionales, es hogar del oso Polar \u00c1rtico, las auroras boreales m\u00e1s espectaculares las puede vivir en la vasta y extensa zona polar, aqu\u00ed encontrar\u00e1 todo lo que desee o haya imaginado conocer. Lo invitamos a contactarnos para su pr\u00f3xima experiencia de viaje!<\/p>\n\n\n\n<h3 class=\"wp-block-heading has-text-align-center\">M\u00e9xico<\/h3>\n\n\n\n<div class=\"wp-block-columns is-layout-flex wp-container-core-columns-is-layout-9d6595d7 wp-block-columns-is-layout-flex\">\n<div class=\"wp-block-column is-layout-flow wp-block-column-is-layout-flow\">\n<figure class=\"wp-block-image size-large\"><a href=\"https:\/\/travento.mx\/index.php\/destino-norteamerica\/destino-norteamerica-merida\/\"><img loading=\"lazy\" decoding=\"async\" width=\"1024\" height=\"683\" src=\"https:\/\/travento.mx\/wp-content\/uploads\/2023\/10\/Merida1-1024x683.jpg\" alt=\"\" class=\"wp-image-2068\" srcset=\"https:\/\/travento.mx\/wp-content\/uploads\/2023\/10\/Merida1-1024x683.jpg 1024w, https:\/\/travento.mx\/wp-content\/uploads\/2023\/10\/Merida1-300x200.jpg 300w, https:\/\/travento.mx\/wp-content\/uploads\/2023\/10\/Merida1-768x512.jpg 768w, https:\/\/travento.mx\/wp-content\/uploads\/2023\/10\/Merida1-500x333.jpg 500w, https:\/\/travento.mx\/wp-content\/uploads\/2023\/10\/Merida1-800x533.jpg 800w, https:\/\/travento.mx\/wp-content\/uploads\/2023\/10\/Merida1-1280x853.jpg 1280w, https:\/\/travento.mx\/wp-content\/uploads\/2023\/10\/Merida1.jpg 1500w\" sizes=\"auto, (max-width: 1024px) 100vw, 1024px\" \/><\/a><figcaption class=\"wp-element-caption\">M\u00e9rida<\/figcaption><\/figure>\n\n\n\n<figure class=\"wp-block-image size-large\"><a href=\"https:\/\/travento.mx\/index.php\/destino-norteamerica\/destino-norteamerica-san-jose-del-cabo\/\"><img loading=\"lazy\" decoding=\"async\" width=\"1024\" height=\"683\" src=\"https:\/\/travento.mx\/wp-content\/uploads\/2023\/10\/SanJoseDelCabo1-1024x683.jpg\" alt=\"\" class=\"wp-image-2083\" srcset=\"https:\/\/travento.mx\/wp-content\/uploads\/2023\/10\/SanJoseDelCabo1-1024x683.jpg 1024w, https:\/\/travento.mx\/wp-content\/uploads\/2023\/10\/SanJoseDelCabo1-300x200.jpg 300w, https:\/\/travento.mx\/wp-content\/uploads\/2023\/10\/SanJoseDelCabo1-768x512.jpg 768w, https:\/\/travento.mx\/wp-content\/uploads\/2023\/10\/SanJoseDelCabo1-500x333.jpg 500w, https:\/\/travento.mx\/wp-content\/uploads\/2023\/10\/SanJoseDelCabo1-800x533.jpg 800w, https:\/\/travento.mx\/wp-content\/uploads\/2023\/10\/SanJoseDelCabo1-1280x853.jpg 1280w, https:\/\/travento.mx\/wp-content\/uploads\/2023\/10\/SanJoseDelCabo1.jpg 1500w\" sizes=\"auto, (max-width: 1024px) 100vw, 1024px\" \/><\/a><figcaption class=\"wp-element-caption\">San Jos\u00e9 del Cabo<\/figcaption><\/figure>\n\n\n\n<figure class=\"wp-block-image size-large\"><a href=\"https:\/\/travento.mx\/index.php\/destino-norteamerica\/destino-norteamerica-ciudad-de-mexico\/\"><img loading=\"lazy\" decoding=\"async\" width=\"1024\" height=\"683\" src=\"https:\/\/travento.mx\/wp-content\/uploads\/2023\/10\/cdmx1-1024x683.jpg\" alt=\"\" class=\"wp-image-2097\" srcset=\"https:\/\/travento.mx\/wp-content\/uploads\/2023\/10\/cdmx1-1024x683.jpg 1024w, https:\/\/travento.mx\/wp-content\/uploads\/2023\/10\/cdmx1-300x200.jpg 300w, https:\/\/travento.mx\/wp-content\/uploads\/2023\/10\/cdmx1-768x512.jpg 768w, https:\/\/travento.mx\/wp-content\/uploads\/2023\/10\/cdmx1-500x333.jpg 500w, https:\/\/travento.mx\/wp-content\/uploads\/2023\/10\/cdmx1-800x533.jpg 800w, https:\/\/travento.mx\/wp-content\/uploads\/2023\/10\/cdmx1-1280x853.jpg 1280w, https:\/\/travento.mx\/wp-content\/uploads\/2023\/10\/cdmx1.jpg 1500w\" sizes=\"auto, (max-width: 1024px) 100vw, 1024px\" \/><\/a><figcaption class=\"wp-element-caption\">Ciudad de M\u00e9xico<\/figcaption><\/figure>\n\n\n\n<figure class=\"wp-block-image size-large\"><a href=\"https:\/\/travento.mx\/index.php\/destino-norteamerica\/destino-norteamerica-sureste-mexicano\/\"><img loading=\"lazy\" decoding=\"async\" width=\"1024\" height=\"683\" src=\"https:\/\/travento.mx\/wp-content\/uploads\/2023\/10\/SuresteMexicano1-1024x683.jpg\" alt=\"\" class=\"wp-image-2112\" srcset=\"https:\/\/travento.mx\/wp-content\/uploads\/2023\/10\/SuresteMexicano1-1024x683.jpg 1024w, https:\/\/travento.mx\/wp-content\/uploads\/2023\/10\/SuresteMexicano1-300x200.jpg 300w, https:\/\/travento.mx\/wp-content\/uploads\/2023\/10\/SuresteMexicano1-768x512.jpg 768w, https:\/\/travento.mx\/wp-content\/uploads\/2023\/10\/SuresteMexicano1-500x333.jpg 500w, https:\/\/travento.mx\/wp-content\/uploads\/2023\/10\/SuresteMexicano1-800x533.jpg 800w, https:\/\/travento.mx\/wp-content\/uploads\/2023\/10\/SuresteMexicano1-1280x853.jpg 1280w, https:\/\/travento.mx\/wp-content\/uploads\/2023\/10\/SuresteMexicano1.jpg 1500w\" sizes=\"auto, (max-width: 1024px) 100vw, 1024px\" \/><\/a><figcaption class=\"wp-element-caption\">Sureste Mexicano<\/figcaption><\/figure>\n<\/div>\n\n\n\n<div class=\"wp-block-column is-layout-flow wp-block-column-is-layout-flow\">\n<figure class=\"wp-block-image size-large\"><a href=\"https:\/\/travento.mx\/index.php\/destino-norteamerica\/destino-norteamerica-cancun-riviera-maya\/\"><img loading=\"lazy\" decoding=\"async\" width=\"1024\" height=\"683\" src=\"https:\/\/travento.mx\/wp-content\/uploads\/2023\/10\/Cancun1-1024x683.jpg\" alt=\"\" class=\"wp-image-2073\" srcset=\"https:\/\/travento.mx\/wp-content\/uploads\/2023\/10\/Cancun1-1024x683.jpg 1024w, https:\/\/travento.mx\/wp-content\/uploads\/2023\/10\/Cancun1-300x200.jpg 300w, https:\/\/travento.mx\/wp-content\/uploads\/2023\/10\/Cancun1-768x512.jpg 768w, https:\/\/travento.mx\/wp-content\/uploads\/2023\/10\/Cancun1-500x333.jpg 500w, https:\/\/travento.mx\/wp-content\/uploads\/2023\/10\/Cancun1-800x533.jpg 800w, https:\/\/travento.mx\/wp-content\/uploads\/2023\/10\/Cancun1-1280x853.jpg 1280w, https:\/\/travento.mx\/wp-content\/uploads\/2023\/10\/Cancun1.jpg 1500w\" sizes=\"auto, (max-width: 1024px) 100vw, 1024px\" \/><\/a><figcaption class=\"wp-element-caption\">Canc\u00fan \/ Riviera Maya<\/figcaption><\/figure>\n\n\n\n<figure class=\"wp-block-image size-large\"><a href=\"https:\/\/travento.mx\/index.php\/destino-norteamerica\/destino-norteamerica-mexico\/\"><img loading=\"lazy\" decoding=\"async\" width=\"1024\" height=\"683\" src=\"https:\/\/travento.mx\/wp-content\/uploads\/2023\/10\/Mexico1-1024x683.jpg\" alt=\"\" class=\"wp-image-2089\" srcset=\"https:\/\/travento.mx\/wp-content\/uploads\/2023\/10\/Mexico1-1024x683.jpg 1024w, https:\/\/travento.mx\/wp-content\/uploads\/2023\/10\/Mexico1-300x200.jpg 300w, https:\/\/travento.mx\/wp-content\/uploads\/2023\/10\/Mexico1-768x512.jpg 768w, https:\/\/travento.mx\/wp-content\/uploads\/2023\/10\/Mexico1-500x333.jpg 500w, https:\/\/travento.mx\/wp-content\/uploads\/2023\/10\/Mexico1-800x533.jpg 800w, https:\/\/travento.mx\/wp-content\/uploads\/2023\/10\/Mexico1-1280x853.jpg 1280w, https:\/\/travento.mx\/wp-content\/uploads\/2023\/10\/Mexico1.jpg 1500w\" sizes=\"auto, (max-width: 1024px) 100vw, 1024px\" \/><\/a><figcaption class=\"wp-element-caption\">M\u00e9xico<\/figcaption><\/figure>\n\n\n\n<figure class=\"wp-block-image size-large\"><a href=\"https:\/\/travento.mx\/index.php\/destino-norteamerica\/destino-norteamerica-sureste-mexicano\/\"><img loading=\"lazy\" decoding=\"async\" width=\"1024\" height=\"683\" src=\"https:\/\/travento.mx\/wp-content\/uploads\/2023\/10\/BajaCalifornia1-1024x683.jpg\" alt=\"\" class=\"wp-image-2104\" srcset=\"https:\/\/travento.mx\/wp-content\/uploads\/2023\/10\/BajaCalifornia1-1024x683.jpg 1024w, https:\/\/travento.mx\/wp-content\/uploads\/2023\/10\/BajaCalifornia1-300x200.jpg 300w, https:\/\/travento.mx\/wp-content\/uploads\/2023\/10\/BajaCalifornia1-768x512.jpg 768w, https:\/\/travento.mx\/wp-content\/uploads\/2023\/10\/BajaCalifornia1-500x333.jpg 500w, https:\/\/travento.mx\/wp-content\/uploads\/2023\/10\/BajaCalifornia1-800x533.jpg 800w, https:\/\/travento.mx\/wp-content\/uploads\/2023\/10\/BajaCalifornia1-1280x853.jpg 1280w, https:\/\/travento.mx\/wp-content\/uploads\/2023\/10\/BajaCalifornia1.jpg 1500w\" sizes=\"auto, (max-width: 1024px) 100vw, 1024px\" \/><\/a><figcaption class=\"wp-element-caption\">Baja California<\/figcaption><\/figure>\n<\/div>\n<\/div>\n\n\n\n<h3 class=\"wp-block-heading has-text-align-center\">USA<\/h3>\n\n\n\n<div class=\"wp-block-columns is-layout-flex wp-container-core-columns-is-layout-9d6595d7 wp-block-columns-is-layout-flex\">\n<div class=\"wp-block-column is-layout-flow wp-block-column-is-layout-flow\">\n<figure class=\"wp-block-image size-large\"><a href=\"https:\/\/travento.mx\/index.php\/destino-norteamerica\/destino-norteamerica-new-york\/\"><img loading=\"lazy\" decoding=\"async\" width=\"1024\" height=\"683\" src=\"https:\/\/travento.mx\/wp-content\/uploads\/2023\/10\/NewYork1-1024x683.jpg\" alt=\"\" class=\"wp-image-2038\" srcset=\"https:\/\/travento.mx\/wp-content\/uploads\/2023\/10\/NewYork1-1024x683.jpg 1024w, https:\/\/travento.mx\/wp-content\/uploads\/2023\/10\/NewYork1-300x200.jpg 300w, https:\/\/travento.mx\/wp-content\/uploads\/2023\/10\/NewYork1-768x512.jpg 768w, https:\/\/travento.mx\/wp-content\/uploads\/2023\/10\/NewYork1-500x333.jpg 500w, https:\/\/travento.mx\/wp-content\/uploads\/2023\/10\/NewYork1-800x533.jpg 800w, https:\/\/travento.mx\/wp-content\/uploads\/2023\/10\/NewYork1-1280x853.jpg 1280w, https:\/\/travento.mx\/wp-content\/uploads\/2023\/10\/NewYork1.jpg 1500w\" sizes=\"auto, (max-width: 1024px) 100vw, 1024px\" \/><\/a><figcaption class=\"wp-element-caption\">New York<\/figcaption><\/figure>\n\n\n\n<figure class=\"wp-block-image size-large\"><a href=\"https:\/\/travento.mx\/index.php\/destino-norteamerica\/destino-norteamerica-san-francisco\/\"><img loading=\"lazy\" decoding=\"async\" width=\"1024\" height=\"683\" src=\"https:\/\/travento.mx\/wp-content\/uploads\/2023\/10\/SanFrancisco1-1024x683.jpg\" alt=\"\" class=\"wp-image-2053\" srcset=\"https:\/\/travento.mx\/wp-content\/uploads\/2023\/10\/SanFrancisco1-1024x683.jpg 1024w, https:\/\/travento.mx\/wp-content\/uploads\/2023\/10\/SanFrancisco1-300x200.jpg 300w, https:\/\/travento.mx\/wp-content\/uploads\/2023\/10\/SanFrancisco1-768x512.jpg 768w, https:\/\/travento.mx\/wp-content\/uploads\/2023\/10\/SanFrancisco1-500x333.jpg 500w, https:\/\/travento.mx\/wp-content\/uploads\/2023\/10\/SanFrancisco1-800x533.jpg 800w, https:\/\/travento.mx\/wp-content\/uploads\/2023\/10\/SanFrancisco1-1280x853.jpg 1280w, https:\/\/travento.mx\/wp-content\/uploads\/2023\/10\/SanFrancisco1.jpg 1500w\" sizes=\"auto, (max-width: 1024px) 100vw, 1024px\" \/><\/a><figcaption class=\"wp-element-caption\">San Francisco<\/figcaption><\/figure>\n<\/div>\n\n\n\n<div class=\"wp-block-column is-layout-flow wp-block-column-is-layout-flow\">\n<figure class=\"wp-block-image size-large\"><a href=\"https:\/\/travento.mx\/index.php\/destino-norteamerica\/destino-norteamerica-orlando\/\"><img loading=\"lazy\" decoding=\"async\" width=\"1024\" height=\"683\" src=\"https:\/\/travento.mx\/wp-content\/uploads\/2023\/10\/Orlando1-1024x683.jpg\" alt=\"\" class=\"wp-image-2046\" srcset=\"https:\/\/travento.mx\/wp-content\/uploads\/2023\/10\/Orlando1-1024x683.jpg 1024w, https:\/\/travento.mx\/wp-content\/uploads\/2023\/10\/Orlando1-300x200.jpg 300w, https:\/\/travento.mx\/wp-content\/uploads\/2023\/10\/Orlando1-768x512.jpg 768w, https:\/\/travento.mx\/wp-content\/uploads\/2023\/10\/Orlando1-500x333.jpg 500w, https:\/\/travento.mx\/wp-content\/uploads\/2023\/10\/Orlando1-800x533.jpg 800w, https:\/\/travento.mx\/wp-content\/uploads\/2023\/10\/Orlando1-1280x853.jpg 1280w, https:\/\/travento.mx\/wp-content\/uploads\/2023\/10\/Orlando1.jpg 1500w\" sizes=\"auto, (max-width: 1024px) 100vw, 1024px\" \/><\/a><figcaption class=\"wp-element-caption\">Orlando<\/figcaption><\/figure>\n\n\n\n<figure class=\"wp-block-image size-large\"><a href=\"https:\/\/travento.mx\/index.php\/destino-norteamerica\/destino-norteamerica-estados-unidos-de-america-usa\/\"><img loading=\"lazy\" decoding=\"async\" width=\"1024\" height=\"683\" src=\"https:\/\/travento.mx\/wp-content\/uploads\/2023\/10\/EstadosUnidos1-1024x683.jpg\" alt=\"\" class=\"wp-image-2059\" srcset=\"https:\/\/travento.mx\/wp-content\/uploads\/2023\/10\/EstadosUnidos1-1024x683.jpg 1024w, https:\/\/travento.mx\/wp-content\/uploads\/2023\/10\/EstadosUnidos1-300x200.jpg 300w, https:\/\/travento.mx\/wp-content\/uploads\/2023\/10\/EstadosUnidos1-768x512.jpg 768w, https:\/\/travento.mx\/wp-content\/uploads\/2023\/10\/EstadosUnidos1-500x333.jpg 500w, https:\/\/travento.mx\/wp-content\/uploads\/2023\/10\/EstadosUnidos1-800x533.jpg 800w, https:\/\/travento.mx\/wp-content\/uploads\/2023\/10\/EstadosUnidos1-1280x853.jpg 1280w, https:\/\/travento.mx\/wp-content\/uploads\/2023\/10\/EstadosUnidos1.jpg 1500w\" sizes=\"auto, (max-width: 1024px) 100vw, 1024px\" \/><\/a><figcaption class=\"wp-element-caption\">Estados Unidos De Am\u00e9rica<\/figcaption><\/figure>\n<\/div>\n<\/div>\n\n\n\n<h3 class=\"wp-block-heading has-text-align-center\">Canad\u00e1<\/h3>\n\n\n\n<div class=\"wp-block-columns is-layout-flex wp-container-core-columns-is-layout-9d6595d7 wp-block-columns-is-layout-flex\">\n<div class=\"wp-block-column is-layout-flow wp-block-column-is-layout-flow\">\n<figure class=\"wp-block-image size-large\"><a href=\"https:\/\/travento.mx\/index.php\/destino-norteamerica\/destino-norteamerica-vancouver\/\"><img loading=\"lazy\" decoding=\"async\" width=\"1024\" height=\"683\" src=\"https:\/\/travento.mx\/wp-content\/uploads\/2023\/10\/Vancouver1-1024x683.jpg\" alt=\"\" class=\"wp-image-2119\" srcset=\"https:\/\/travento.mx\/wp-content\/uploads\/2023\/10\/Vancouver1-1024x683.jpg 1024w, https:\/\/travento.mx\/wp-content\/uploads\/2023\/10\/Vancouver1-300x200.jpg 300w, https:\/\/travento.mx\/wp-content\/uploads\/2023\/10\/Vancouver1-768x512.jpg 768w, https:\/\/travento.mx\/wp-content\/uploads\/2023\/10\/Vancouver1-500x333.jpg 500w, https:\/\/travento.mx\/wp-content\/uploads\/2023\/10\/Vancouver1-800x533.jpg 800w, https:\/\/travento.mx\/wp-content\/uploads\/2023\/10\/Vancouver1-1280x853.jpg 1280w, https:\/\/travento.mx\/wp-content\/uploads\/2023\/10\/Vancouver1.jpg 1500w\" sizes=\"auto, (max-width: 1024px) 100vw, 1024px\" \/><\/a><figcaption class=\"wp-element-caption\">Vancouver<\/figcaption><\/figure>\n\n\n\n<figure class=\"wp-block-image size-large\"><a href=\"https:\/\/travento.mx\/index.php\/destino-norteamerica\/destino-norteamerica-canada\/\"><img loading=\"lazy\" decoding=\"async\" width=\"1024\" height=\"683\" src=\"https:\/\/travento.mx\/wp-content\/uploads\/2023\/10\/Canada1-1024x683.jpg\" alt=\"\" class=\"wp-image-2132\" srcset=\"https:\/\/travento.mx\/wp-content\/uploads\/2023\/10\/Canada1-1024x683.jpg 1024w, https:\/\/travento.mx\/wp-content\/uploads\/2023\/10\/Canada1-300x200.jpg 300w, https:\/\/travento.mx\/wp-content\/uploads\/2023\/10\/Canada1-768x512.jpg 768w, https:\/\/travento.mx\/wp-content\/uploads\/2023\/10\/Canada1-500x333.jpg 500w, https:\/\/travento.mx\/wp-content\/uploads\/2023\/10\/Canada1-800x533.jpg 800w, https:\/\/travento.mx\/wp-content\/uploads\/2023\/10\/Canada1-1280x853.jpg 1280w, https:\/\/travento.mx\/wp-content\/uploads\/2023\/10\/Canada1.jpg 1500w\" sizes=\"auto, (max-width: 1024px) 100vw, 1024px\" \/><\/a><figcaption class=\"wp-element-caption\">Canad\u00e1<\/figcaption><\/figure>\n\n\n\n<figure class=\"wp-block-image size-large\"><a href=\"https:\/\/travento.mx\/index.php\/destino-norteamerica\/destino-norteamerica-quebec\/\"><img loading=\"lazy\" decoding=\"async\" width=\"1024\" height=\"683\" src=\"https:\/\/travento.mx\/wp-content\/uploads\/2023\/10\/Quebec1-1024x683.jpg\" alt=\"\" class=\"wp-image-2146\" srcset=\"https:\/\/travento.mx\/wp-content\/uploads\/2023\/10\/Quebec1-1024x683.jpg 1024w, https:\/\/travento.mx\/wp-content\/uploads\/2023\/10\/Quebec1-300x200.jpg 300w, https:\/\/travento.mx\/wp-content\/uploads\/2023\/10\/Quebec1-768x512.jpg 768w, https:\/\/travento.mx\/wp-content\/uploads\/2023\/10\/Quebec1-500x333.jpg 500w, https:\/\/travento.mx\/wp-content\/uploads\/2023\/10\/Quebec1-800x533.jpg 800w, https:\/\/travento.mx\/wp-content\/uploads\/2023\/10\/Quebec1-1280x853.jpg 1280w, https:\/\/travento.mx\/wp-content\/uploads\/2023\/10\/Quebec1.jpg 1500w\" sizes=\"auto, (max-width: 1024px) 100vw, 1024px\" \/><\/a><figcaption class=\"wp-element-caption\">Quebec<\/figcaption><\/figure>\n<\/div>\n\n\n\n<div class=\"wp-block-column is-layout-flow wp-block-column-is-layout-flow\">\n<figure class=\"wp-block-image size-large\"><a href=\"https:\/\/travento.mx\/index.php\/destino-norteamerica\/destino-norteamerica-toronto\/\"><img loading=\"lazy\" decoding=\"async\" width=\"1024\" height=\"683\" src=\"https:\/\/travento.mx\/wp-content\/uploads\/2023\/10\/Toronto1-1024x683.jpg\" alt=\"\" class=\"wp-image-2126\" srcset=\"https:\/\/travento.mx\/wp-content\/uploads\/2023\/10\/Toronto1-1024x683.jpg 1024w, https:\/\/travento.mx\/wp-content\/uploads\/2023\/10\/Toronto1-300x200.jpg 300w, https:\/\/travento.mx\/wp-content\/uploads\/2023\/10\/Toronto1-768x512.jpg 768w, https:\/\/travento.mx\/wp-content\/uploads\/2023\/10\/Toronto1-500x333.jpg 500w, https:\/\/travento.mx\/wp-content\/uploads\/2023\/10\/Toronto1-800x533.jpg 800w, https:\/\/travento.mx\/wp-content\/uploads\/2023\/10\/Toronto1-1280x853.jpg 1280w, https:\/\/travento.mx\/wp-content\/uploads\/2023\/10\/Toronto1.jpg 1500w\" sizes=\"auto, (max-width: 1024px) 100vw, 1024px\" \/><\/a><figcaption class=\"wp-element-caption\">Toronto<\/figcaption><\/figure>\n\n\n\n<figure class=\"wp-block-image size-large\"><a href=\"https:\/\/travento.mx\/index.php\/destino-norteamerica\/destino-norteamerica-yukon\/\"><img loading=\"lazy\" decoding=\"async\" width=\"1024\" height=\"683\" src=\"https:\/\/travento.mx\/wp-content\/uploads\/2023\/10\/Yukon1-1024x683.jpg\" alt=\"\" class=\"wp-image-2139\" srcset=\"https:\/\/travento.mx\/wp-content\/uploads\/2023\/10\/Yukon1-1024x683.jpg 1024w, https:\/\/travento.mx\/wp-content\/uploads\/2023\/10\/Yukon1-300x200.jpg 300w, https:\/\/travento.mx\/wp-content\/uploads\/2023\/10\/Yukon1-768x512.jpg 768w, https:\/\/travento.mx\/wp-content\/uploads\/2023\/10\/Yukon1-500x333.jpg 500w, https:\/\/travento.mx\/wp-content\/uploads\/2023\/10\/Yukon1-800x533.jpg 800w, https:\/\/travento.mx\/wp-content\/uploads\/2023\/10\/Yukon1-1280x853.jpg 1280w, https:\/\/travento.mx\/wp-content\/uploads\/2023\/10\/Yukon1.jpg 1500w\" sizes=\"auto, (max-width: 1024px) 100vw, 1024px\" \/><\/a><figcaption class=\"wp-element-caption\">Yukon<\/figcaption><\/figure>\n<\/div>\n<\/div>\n\n\n\n<p><\/p>\n","protected":false},"excerpt":{"rendered":"<p>Visita Norteam\u00e9rica con Travento Es una extensa regi\u00f3n del hemisferio norte del continente Americano, abarca aprox el 5% de la superficie del planeta. Limita al&hellip;<\/p>\n","protected":false},"author":2,"featured_media":0,"parent":0,"menu_order":0,"comment_status":"closed","ping_status":"closed","template":"","meta":{"footnotes":""},"class_list":["post-846","page","type-page","status-publish","hentry"],"_links":{"self":[{"href":"https:\/\/travento.mx\/index.php\/wp-json\/wp\/v2\/pages\/846","targetHints":{"allow":["GET"]}}],"collection":[{"href":"https:\/\/travento.mx\/index.php\/wp-json\/wp\/v2\/pages"}],"about":[{"href":"https:\/\/travento.mx\/index.php\/wp-json\/wp\/v2\/types\/page"}],"author":[{"embeddable":true,"href":"https:\/\/travento.mx\/index.php\/wp-json\/wp\/v2\/users\/2"}],"replies":[{"embeddable":true,"href":"https:\/\/travento.mx\/index.php\/wp-json\/wp\/v2\/comments?post=846"}],"version-history":[{"count":29,"href":"https:\/\/travento.mx\/index.php\/wp-json\/wp\/v2\/pages\/846\/revisions"}],"predecessor-version":[{"id":2147,"href":"https:\/\/travento.mx\/index.php\/wp-json\/wp\/v2\/pages\/846\/revisions\/2147"}],"wp:attachment":[{"href":"https:\/\/travento.mx\/index.php\/wp-json\/wp\/v2\/media?parent=846"}],"curies":[{"name":"wp","href":"https:\/\/api.w.org\/{rel}","templated":true}]}}